at is the ten thousands digit of 115058?
1
What is the units digit of 133370?
0
What is the ten thousands digit of 5744153?
4
What is the hundred thousands digit of 17330797?
3
What is the ten thousands digit of 286029?
8
What is the tens digit of 1237354?
5
What is the tens digit of 326071?
7
What is the thousands digit of 5749716?
9
What is the hundreds digit of 8861992?
9
What is the ten thousands digit of 27707?
2
What is the hundreds digit of 48790?
7
What is the ten thousands digit of 2690418?
9
What is the millions digit of 12868720?
2
What is the hundred thousands digit of 418418?
4
What is the hundreds digit of 282941?
9
What is the thousands digit of 263468?
3
What is the hundred thousands digit of 6972243?
9
What is the hundred thousands digit of 9924696?
9
What is the ten thousands digit of 393054?
9
What is the hundred thousands digit of 2237835?
2
What is the units digit of 5531888?
8
What is the hundred thousands digit of 3168581?
1
What is the hundreds digit of 9468937?
9
What is the thousands digit of 659487?
9
What is the thousands digit of 189997?
9
What is the ten thousands digit of 20354005?
5
What is the thousands digit of 476181?
6
What is the thousands digit of 79303?
9
What is the units digit of 66507?
7
What is the hundred thousands digit of 6122829?
1
What is the units digit of 822678?
8
What is the hundred thousands digit of 1193308?
1
What is the millions digit of 4712945?
4
What is the millions digit of 1450004?
1
What is the thousands digit of 251246?
1
What is the millions digit of 1508295?
1
What is the tens digit of 120586?
8
What is the tens digit of 2638618?
1
What is the hundreds digit of 9845314?
3
What is the tens digit of 118471?
7
What is the hundreds digit of 394067?
0
What is the thousands digit of 19013834?
3
What is the ten thousands digit of 957999?
5
What is the ten thousands digit of 303769?
0
What is the hundreds digit of 158273?
2
What is the thousands digit of 3334036?
4
What is the millions digit of 33082418?
3
What is the tens digit of 255424?
2
What is the tens digit of 1238849?
4
What is the thousands digit of 11702628?
2
What is the ten thousands digit of 608951?
0
What is the millions digit of 6450052?
6
What is the thousands digit of 667789?
7
What is the tens digit of 44137?
3
What is the hundreds digit of 2163511?
5
What is the millions digit of 8423329?
8
What is the thousands digit of 5720076?
0
What is the ten thousands digit of 46192?
4
What is the units digit of 96861?
1
What is the tens digit of 104968?
6
What is the hundred thousands digit of 679400?
6
What is the hundreds digit of 1405895?
8
What is the millions digit of 2484413?
2
What is the ten thousands digit of 417976?
1
What is the hundred thousands digit of 801682?
8
What is the thousands digit of 152881?
2
What is the ten thousands digit of 3121680?
2
What is the hundred thousands digit of 1506688?
5
What is the tens digit of 16132109?
0
What is the units digit of 451793?
3
What is the tens digit of 2111647?
4
What is the millions digit of 1039571?
1
What is the tens digit of 1815591?
9
What is the units digit of 53956?
6
What is the hundred thousands digit of 227142?
2
What is the thousands digit of 673413?
3
What is the thousands digit of 3987675?
7
What is the tens digit of 488951?
5
What is the millions digit of 2579126?
2
What is the thousands digit of 544136?
4
What is the hundred thousands digit of 3319052?
3
What is the hundreds digit of 726585?
5
What is the ten thousands digit of 8943882?
4
What is the thousands digit of 512161?
2
What is the hundreds digit of 420774?
7
What is the hundreds digit of 2632636?
6
What is the ten thousands digit of 1608708?
0
What is the hundreds digit of 15076265?
2
What is the thousands digit of 469918?
9
What is the units digit of 218414?
4
What is the ten millions digit of 35183530?
3
What is the ten thousands digit of 17143351?
4
What is the hundreds digit of 243820?
8
What is the ten thousands digit of 85673?
8
What is the hundreds digit of 304447?
4
What is the ten thousands digit of 626369?
2
What is the ten thousands digit of 535711?
3
What is the hundred thousands digit of 13560291?
5
What is the thousands digit of 858992?
8
What is the ten thousands digit of 88831?
8
What is the millions digit of 2219667?
2
What is the hundred thousands digit of 18691693?
6
What is the tens digit of 5238588?
8
What is the ten thousands digit of 441191?
4
What is the hundred thousands digit of 2276103?
2
What is the thousands digit of 598786?
8
What is the ten thousands digit of 36851?
3
What is the ten millions digit of 13287473?
1
What is the tens digit of 200286?
8
What is the hundreds digit of 66247?
2
What is the units digit of 613163?
3
What is the units digit of 896520?
0
What is the thousands digit of 7490370?
0
What is the units digit of 839537?
7
What is the tens digit of 7636381?
8
What is the hundreds digit of 935712?
7
What is the millions digit of 3591673?
3
What is the hundred thousands digit of 195194?
1
What is the thousands digit of 3341?
3
What is the tens digit of 203952?
5
What is the thousands digit of 703367?
3
What is the hundred thousands digit of 7696755?
6
What is the hundred thousands digit of 204958?
2
What is the units digit of 6753952?
2
What is the tens digit of 381228?
2
What is the hundreds digit of 4456403?
4
What is the ten millions digit of 31435363?
3
What is the hundred thousands digit of 6069378?
0
What is the ten thousands digit of 3008638?
0
What is the units digit of 167321?
1
What is the hundred thousands digit of 258694?
2
What is the millions digit of 3916072?
3
What is the hundreds digit of 211389?
3
What is the ten thousands digit of 12823783?
2
What is the ten thousands digit of 780481?
8
What is the hundred thousands digit of 6156626?
1
What is the thousands digit of 3392615?
2
What is the tens digit of 27244?
4
What is the hundreds digit of 2037120?
1
What is the tens digit of 82965?
6
What is the ten thousands digit of 762885?
6
What is the units digit of 583860?
0
What is the millions digit of 1123862?
1
What is the tens digit of 96116?
1
What is the tens digit of 42845857?
5
What is the thousands digit of 21911748?
1
What is the ten millions digit of 13731121?
1
What is the tens digit of 76806?
0
What is the units digit of 128455?
5
What is the hundreds digit of 196623?
6
What is the millions digit of 36632008?
6
What is the hundreds digit of 3884318?
3
What is the ten thousands digit of 215672?
1
What is the ten millions digit of 14433201?
1
What is the hundred thousands digit of 258874?
2
What is the thousands digit of 4916028?
6
What is the ten thousands digit of 3687716?
8
What is the millions digit of 13329828?
3
What is the ten thousands digit of 4820773?
2
What is the tens digit of 2127608?
0
What is the thousands digit of 23077?
3
What is the hundreds digit of 23441?
4
What is the thousands digit of 98134?
8
What is the hundreds digit of 1835427?
4
What is the units digit of 14450244?
4
What is the ten thousands digit of 822888?
2
What is the thousands digit of 4967439?
7
What is the ten thousands digit of 536958?
3
What is the hundreds digit of 179345?
3
What is the ten thousands digit of 2295358?
9
What is the hundreds digit of 59674?
6
What is the units digit of 238257?
7
What is the units digit of 417715?
5
What is the millions digit of 28365000?
8
What is the tens digit of 14937117?
1
What is the hundreds digit of 123025?
0
What is the ten thousands digit of 170846?
7
What is the tens digit of 2626733?
3
What is the millions digit of 4981804?
4
What is the units digit of 995984?
4
What is the millions digit of 9565533?
9
What is the millions digit of 7081800?
7
What is the hundred thousands digit of 213085?
2
What is the hundreds digit of 7749510?
5
What is the hundred thousands digit of 1984519?
9
What is the units digit of 19210789?
9
What is the millions digit of 8170166?
8
What is the tens digit of 18930?
3
What is the tens digit of 18108523?
2
What is the units digit of 4543398?
8
What is the units digit of 6108836?
6
What is the hundreds digit of 394174?
1
What is the tens digit of 1750958?
5
What is the tens digit of 1607070?
7
What is the tens digit of 887687?
8
What is the hundred thousands digit of 129630?